{"id":2107,"date":"2026-01-26T09:32:41","date_gmt":"2026-01-26T12:32:41","guid":{"rendered":"https:\/\/clientes.3pixeldesign.com.br\/casaferroemadeira\/?post_type=product&#038;p=2107"},"modified":"2026-01-26T09:32:41","modified_gmt":"2026-01-26T12:32:41","slug":"mesa-de-jantar-compact-premium-madeira-peroba-e-laca-branca","status":"publish","type":"product","link":"https:\/\/clientes.3pixeldesign.com.br\/casaferroemadeira\/produto\/mesa-de-jantar-compact-premium-madeira-peroba-e-laca-branca\/","title":{"rendered":"Mesa de Jantar Compact Premium \u2013 Madeira Peroba e Laca Branca"},"content":{"rendered":"<p>\u2728Perfeita para otimizar espa\u00e7os sem abrir m\u00e3o do luxo, esta mesa une a robustez da Peroba com a delicadeza dos p\u00e9s trabalhados em branco. \ud83c\udfe1 O formato quadrado de 1 metro \u00e9 ideal para criar um ambiente \u00edntimo e acolhedor, garantindo uma circula\u00e7\u00e3o fluida na sua sala. \ud83e\udd42\ud83d\udccf Medidas: $1,00m \\times 1,00m \\times 0,85m$.\ud83c\udf33 Material: Tampo em madeira nobre (Peroba) com veios destacados e naturais.\ud83d\udd8c\ufe0f Acabamento: P\u00e9s brancos com pintura premium e verniz de alta resist\u00eancia no tampo.\u2b50 Destaque: Bordas chanfradas e p\u00e9s torneados que trazem um design atemporal e sofisticado<\/p>\n","protected":false},"excerpt":{"rendered":"<p>\u2728Perfeita para otimizar espa\u00e7os sem abrir m\u00e3o do luxo, esta mesa une a robustez da Peroba com a delicadeza dos p\u00e9s trabalhados em branco. \ud83c\udfe1 O formato quadrado de 1 metro \u00e9 ideal para criar um ambiente \u00edntimo e acolhedor, garantindo uma circula\u00e7\u00e3o fluida na sua sala. \ud83e\udd42\ud83d\udccf Medidas: $1,00m \\times 1,00m \\times 0,85m$.\ud83c\udf33 Material: Tampo em madeira nobre (Peroba) com veios destacados e naturais.\ud83d\udd8c\ufe0f Acabamento: P\u00e9s brancos com pintura premium e verniz de alta resist\u00eancia no tampo.\u2b50 Destaque: Bordas chanfradas e p\u00e9s torneados que trazem um design atemporal e sofisticado<\/p>\n","protected":false},"featured_media":2108,"template":"","meta":{"footnotes":""},"product_brand":[],"product_cat":[108],"product_tag":[],"locais-de-destaque":[93,94,95],"class_list":{"0":"post-2107","1":"product","2":"type-product","3":"status-publish","4":"has-post-thumbnail","6":"product_cat-sala","7":"locais-de-destaque-vendidos","8":"locais-de-destaque-ofertas-da-semana","9":"locais-de-destaque-outros-produtos","11":"first","12":"instock","13":"shipping-taxable","14":"purchasable","15":"product-type-simple"},"_links":{"self":[{"href":"https:\/\/clientes.3pixeldesign.com.br\/casaferroemadeira\/wp-json\/wp\/v2\/product\/2107","targetHints":{"allow":["GET"]}}],"collection":[{"href":"https:\/\/clientes.3pixeldesign.com.br\/casaferroemadeira\/wp-json\/wp\/v2\/product"}],"about":[{"href":"https:\/\/clientes.3pixeldesign.com.br\/casaferroemadeira\/wp-json\/wp\/v2\/types\/product"}],"version-history":[{"count":1,"href":"https:\/\/clientes.3pixeldesign.com.br\/casaferroemadeira\/wp-json\/wp\/v2\/product\/2107\/revisions"}],"predecessor-version":[{"id":2115,"href":"https:\/\/clientes.3pixeldesign.com.br\/casaferroemadeira\/wp-json\/wp\/v2\/product\/2107\/revisions\/2115"}],"wp:featuredmedia":[{"embeddable":true,"href":"https:\/\/clientes.3pixeldesign.com.br\/casaferroemadeira\/wp-json\/wp\/v2\/media\/2108"}],"wp:attachment":[{"href":"https:\/\/clientes.3pixeldesign.com.br\/casaferroemadeira\/wp-json\/wp\/v2\/media?parent=2107"}],"wp:term":[{"taxonomy":"product_brand","embeddable":true,"href":"https:\/\/clientes.3pixeldesign.com.br\/casaferroemadeira\/wp-json\/wp\/v2\/product_brand?post=2107"},{"taxonomy":"product_cat","embeddable":true,"href":"https:\/\/clientes.3pixeldesign.com.br\/casaferroemadeira\/wp-json\/wp\/v2\/product_cat?post=2107"},{"taxonomy":"product_tag","embeddable":true,"href":"https:\/\/clientes.3pixeldesign.com.br\/casaferroemadeira\/wp-json\/wp\/v2\/product_tag?post=2107"},{"taxonomy":"locais-de-destaque","embeddable":true,"href":"https:\/\/clientes.3pixeldesign.com.br\/casaferroemadeira\/wp-json\/wp\/v2\/locais-de-destaque?post=2107"}],"curies":[{"name":"wp","href":"https:\/\/api.w.org\/{rel}","templated":true}]}}